 14. Let b be z(14). Let p be (34 - b)/(-6*(-2)/8). Let v(r) = 4*r + 21. Is v(p) composite?
False
Let p(d) = 87*d**2 + 2*d + 4. Let b(z) = -z. Let q(r) = -4*b(r) - p(r). Let k be q(2). Let i = -227 - k. Is i composite?
True
Let k(q) = -2*q**2 - 67*q - 148. Suppose -33*p - 783 = -6*p. Is k(p) a composite number?
False
Suppose 3*p - 1582 = 5*j, -3*p - 533 = -4*p - 4*j. Let i be (-56 + 61)/(1/610). Let h = i - p. Is h composite?
False
Suppose 0 = 9*p - 60 - 12. Is (2472/p - 2)*1 a composite number?
False
Suppose -10*o = -76 - 24. Is 2/o - ((-262332)/15 - 6) composite?
True
Suppose -19*k + 2075862 = -73*k + 14149776. Is k a prime number?
False
Suppose -11*t + 20 = -7*t. Suppose 8*y - 60 = 4*y. Suppose -3*g = -2*g + 4*p - 569, y = t*p. Is g a prime number?
True
Let o be 0 + (-16)/(-2) + -14. Is 4/12 + ((-181940)/o)/5 a composite number?
True
Let u(z) be the third derivative of z**5/30 + 3*z**4/8 + z**3/2 + z**2. Let m = 583 + -573. Is u(m) prime?
True
Is (-2)/((-29328540)/1173140 - -25) a prime number?
True
Is 51276/16 - (-25)/100 composite?
True
Let r = -496 + 499. Is 1329*(16/r - 5) a composite number?
False
Let v(w) be the third derivative of -w**4/24 - 5*w**3/6 + 6*w**2. Let r be v(-17). Is (-19230)/r*(-2)/5 a composite number?
False
Let u(f) = 4*f - 220. Let m be u(0). Let c be m/(-50) - 2/5. Suppose 5*k - 6845 = -5*h, -1938 = -c*h - 5*k + 3538. Is h prime?
False
Let i be 146121/9 + (-8)/12. Suppose -l + i = -14006. Is l a composite number?
False
Let w = 61 + -67. Let j be 3/((-63)/w)*7. Suppose -j*m - 5*f + 100 + 39 = 0, 4*m = 2*f + 314. Is m prime?
False
Suppose 2*j + z - 8 = j, -j + z = -16. Suppose f - j*f = -18007. Is f a composite number?
False
Let c(o) = 216*o - 77. Suppose -7*p + 79 - 44 = 0. Is c(p) a composite number?
True
Is (11665 - 8)/(5 - 28/6) a composite number?
True
Let o = 351 - -22418. Is o a composite number?
False
Suppose 0 = b + p - 235231, -5*b + 117*p + 1176155 = 115*p. Is b composite?
False
Suppose 40*a + 14*a - 1619351 = 35*a. Is a composite?
False
Let c(n) = 56*n - 13. Let d(t) = -t + 4. Let q(b) = c(b) + 4*d(b). Let g = 1 + 3. Is q(g) a composite number?
False
Let a(b) = -b**2 + 43*b - 14. Let q be a(12). Let i = q - -2805. Is i composite?
False
Suppose -17*y - 32*y = 68*y - 23480613. Is y a prime number?
True
Let v = 408 + -413. Let z(a) = 18*a**2 + 6*a + 2. Is z(v) a composite number?
True
Let b = 293 - 233. Suppose 64*o = b*o + 44276. Is o composite?
False
Suppose -23*g + 25*g = 998. Suppose -g = 48*l - 49*l. Is l prime?
True
Let s(g) be the first derivative of 109*g**2/2 - 9*g + 4. Let i be s(5). Suppose 0*n + 4*n = i. Is n prime?
False
Suppose -12*a - 3014517 = -44*a - a. Is a a prime number?
False
Let y(p) = 5*p**2 - 113*p + 1621. Is y(-110) a composite number?
False
Suppose -152*g = -3217596 - 8892396. Is g a composite number?
True
Suppose 995*y = 892*y + 7715009. Is y composite?
False
Suppose 858*w = 875*w - 3303253. Is w prime?
True
Let w(t) = -716*t + 5. Suppose 3*f = -f + 3*m - 6, -2*f + 4*m = 8. Suppose f = -r - 5*p - 13, -r + 5*p + 5 + 2 = 0. Is w(r) prime?
True
Suppose 56*t = -197*t + 10463827. Is t composite?
True
Suppose -g + 9 - 11 = 0. Let q be (g - (-18)/(3/(-3)))/(-2). Is q/((-2)/(-955)*5) composite?
True
Let t(z) = z**3 + 7*z**2 - 2*z - 9. Let b be t(-7). Suppose -b*o + d + 20539 = 0, -10619 + 2398 = -2*o - 5*d. Suppose 39*m - o = 35*m. Is m a composite number?
True
Let h be (-3)/(-3)*-31*1. Let x = h - -47. Suppose -g - x = -35. Is g a composite number?
False
Suppose 0 = 5*o - 2*o - 192. Let c = o - 40. Is 5087/4 - (234/c)/13 a composite number?
True
Let o be (52/(-12) + 4)/(2/(-132)). Suppose 9*l + 25181 = o*l. Is l a prime number?
False
Let n = 449297 + -261286. Is n a prime number?
True
Suppose 7*p - 160070 - 329223 = 0. Is p prime?
True
Suppose 0 = -30*u - 3*u + 8043915. Is u a prime number?
False
Is (141964/2)/((68/(-6))/(-17)) prime?
False
Let t = 36482 - -18459. Is t prime?
True
Let i be 5197 + 4 + -1 + 1. Suppose -1751 = -f + 3*x, 4*x - i = -0*f - 3*f. Is f prime?
False
Let t(r) = r**3 + 2*r**2 + 5*r + 5. Let f be t(-11). Let m = f + 2878. Is m prime?
False
Let c(v) = 2*v**2 - v - 1. Let q be c(1). Suppose -15042 = -0*t - 2*t - 4*x, q = -4*t - 5*x + 30093. Suppose t - 20259 = -12*o. Is o a composite number?
False
Let z(w) = w**2 - 5*w - 4. Let g be z(6). Let c(j) = 505*j**2 + 22*j - 8. Let v(i) = 168*i**2 + 7*i - 3. Let y(r) = -2*c(r) + 7*v(r). Is y(g) prime?
False
Let w = 116 + -111. Suppose -3*d - w*q = -9788, 5 = -q + 6*q. Is d composite?
True
Let p = -36 + 41. Let f = 10 - p. Suppose 5*q - 872 = 4*q + 5*i, f*i - 2676 = -3*q. Is q prime?
True
Suppose 0 = 5*j - f - 18747, -42*j + 37*j + 5*f + 18755 = 0. Is j prime?
False
Let z = 228 + -222. Is (-473514)/(-36) - 1/z prime?
False
Let g(m) = 1067*m**2 + 4*m + 6. Let k(f) = 4*f**2 - 69*f + 16. Let h be k(17). Is g(h) composite?
False
Let q(f) = 1022*f**2 - 14*f - 30. Let i be q(-3). Is i/8 + 30/(-120) prime?
True
Suppose 55*h + 73564 = 339877 + 382522. Is h prime?
False
Let a be 163/7 + 18/(-63). Suppose -11*i = -a*i + 4056. Suppose -i = -3*z - 4*f, -f + 217 = 3*z - z. Is z prime?
False
Is (-9)/(-18) - 3/(-42) - 81454365/(-63) prime?
True
Let b(h) = 8*h**2 + 12*h**2 - 3*h - 8*h**2. Let t be b(2). Is (-2218)/(-7) + 6/t composite?
False
Let s(o) = -o**2 + 4*o. Let d be s(0). Suppose -m - 5*x + 273 = 0, 0 = -2*m - d*x - x + 573. Let z = m + -101. Is z composite?
True
Suppose -14*b - 12*b + 1451871 = -6274003. Is b prime?
False
Let m = -679 + 4668. Is m a composite number?
False
Let l be 2 + -1*(-6)/(-3). Suppose n + o + 10 = l, -n - 2*n + 2 = -5*o. Let h(z) = -212*z + 5. Is h(n) prime?
True
Let r(z) = 568*z**2 + 17*z + 2. Let o be r(-4). Suppose -3*t + o = 10*t. Is t a composite number?
True
Suppose -23*i = -3*i - 38580. Suppose 2*f + 1646 - 201 = 3*d, -4*d + i = -5*f. Is d prime?
False
Suppose 3*o = -4*k + 158665, -k + 14*o - 9*o + 39718 = 0. Is k a prime number?
False
Suppose 0 = -13*l - 25 + 142. Suppose -3*b = l, -2*b + 192315 = 3*k + 2*b. Is k prime?
True
Let m(s) = 13*s**2 + 212*s - 213*s + 2256 - 134. Let x(k) = -6*k**2 - 1061. Let q(i) = -4*m(i) - 9*x(i). Is q(0) composite?
False
Let q(w) = 26978*w**2 - 17*w - 101. Is q(-6) composite?
True
Let p = -2887710 - -4125742. Suppose p = 33*i - 171563. Is i a prime number?
False
Let b be (0 - (0 - 3))*320/192. Suppose -5*u = -10 - b. Suppose u*k - 874 = 1985. Is k prime?
True
Suppose -37*x + 42*x - 26 = v, 3 = x + 2*v. Suppose 4*t + 4*y - 7256 = 0, 0*t - 9049 = -x*t + 2*y. Is t a prime number?
True
Suppose 0 = -382*w + 378*w - 52624. Let a = w + 24435. Is a a prime number?
True
Suppose 5*o = 3*r - 954279, 50*o = 3*r + 49*o - 954303. Is r prime?
True
Let u(z) = 46*z**2 + 192*z + 4311. Is u(-20) prime?
False
Suppose 5*o - 2778 = h - 243184, 5*h - 1201834 = -3*o. Is h a composite number?
False
Suppose -24 + 26 = v, -24016 = -4*n + 4*v. Suppose 6789 = 3*o - n. Is o a composite number?
True
Let z(g) = -29*g**2 - g + 30*g**2 + 8 - 4*g - g. Let b be z(2). Suppose b = 5*u - 541 - 1614. Is u composite?
False
Let h = -39 + 498. Let g = h + -296. Is g a prime number?
True
Let b(z) = -235*z - 78. Suppose -156 = 28*l - 16*l. Is b(l) a prime number?
False
Let h = -106613 - -168054. Is h prime?
True
Let o(x) = x**2 + 4*x. Let p be o(-5). Suppose -t + 19 = -5*u, -2*u - 4 = -6*u. Suppose z - t = -3*a + 21, -p*a - 3*z = -75. Is a a composite number?
True
Suppose -6*q - 81 = -3*q. Let y be 2 + 79710/q + (-2)/(-9). Let c = -1909 - y. Is c prime?
False
Suppose 20*g + 30968 = -4192. Let l = 2735 + g. Is l a composite number?
False
Suppose 7*g - 72 = 1146. Is 20/24 + g/(-36) - -557 prime?
False
Let t(n) = -2*n + 12. Let q be t(7). Let o be 274 + (-3 + 5/2)*q. Let v = o + -172. Is v prime?
True
Suppose 10*d - 28*d = -37*d + 1951547. Is d a prime number?
False
Let l(b) be the third derivative of b**7/840 + b**6/360 - b**5/20 + 5*b**4/24 - 23*b**3/6 + 7*b**2. Let u(h) be the first derivative of l(h). Is u(6) composite?
True
Let d(l) = -l + 14. Let h be d(11). Suppose -h*c - 798030 = -21*c. Is c composite?
True
Let k(q) = -q**3 + 3*q**2 - 17*q - 139. Is k(-18) prime?
True
Let p(i) = -22*i**3 - 8*i**2 + 4*i + 7. Let g be p(5). Is (g + -7)/(-1) - 9 composite?
True
Suppose 4*h - 40 = 3*m, -5*m = -3*m + 2*h + 8. Let 